{"id":23,"date":"2025-11-25T17:04:00","date_gmt":"2025-11-25T20:04:00","guid":{"rendered":"https:\/\/popularize.com.br\/blog\/?page_id=23"},"modified":"2025-11-25T17:04:00","modified_gmt":"2025-11-25T20:04:00","slug":"quem-somos","status":"publish","type":"page","link":"https:\/\/popularize.com.br\/blog\/quem-somos\/","title":{"rendered":"Quem somos"},"content":{"rendered":"\n<p>A <strong>Popularize<\/strong> \u00e9 uma empresa criada para ajudar empreendedores brasileiros a tornarem seus neg\u00f3cios mais lucrativos e eficientes por meio de <strong>tecnologia<\/strong>, <strong>conte\u00fado educativo<\/strong> e <strong>estrat\u00e9gias pr\u00e1ticas de gest\u00e3o<\/strong>. Depois de anos construindo, lan\u00e7ando e estruturando empresas de diferentes segmentos, decidimos transformar todo esse conhecimento em uma plataforma acess\u00edvel para quem empreende \u2014 seja para quem est\u00e1 come\u00e7ando ou buscando dar o pr\u00f3ximo salto.<\/p>\n\n\n\n<p>Este blog \u00e9 uma das portas de entrada para esse prop\u00f3sito. Aqui compartilhamos ideias, ferramentas, guias e reflex\u00f5es que ajudam pequenos e m\u00e9dios empres\u00e1rios a melhorar seu <strong>posicionamento digital<\/strong>, fortalecer suas <strong>opera\u00e7\u00f5es<\/strong>, aumentar <strong>vendas<\/strong>, e evoluir no <strong>atendimento ao cliente<\/strong>.<\/p>\n\n\n\n<p>Se voc\u00ea \u00e9 empreendedor ou empreendedora, saiba que estamos ao seu lado nessa jornada. Nosso compromisso \u00e9 apoiar o crescimento do seu neg\u00f3cio com clareza, simplicidade e intelig\u00eancia.<\/p>\n\n\n\n<p>Siga a Popularize por aqui e nas redes sociais para acompanhar nossos conte\u00fados, ferramentas, servi\u00e7os e novos produtos.<\/p>\n\n\n\n<div class=\"wp-block-columns is-layout-flex wp-container-core-columns-is-layout-9d6595d7 wp-block-columns-is-layout-flex\">\n<div class=\"wp-block-column is-layout-flow wp-block-column-is-layout-flow\"><div class=\"wp-block-image\">\n<figure class=\"aligncenter size-large is-resized\"><img loading=\"lazy\" decoding=\"async\" width=\"683\" height=\"1024\" src=\"https:\/\/popularize.com.br\/blog\/wp-content\/uploads\/2025\/11\/perfil-djarlete-683x1024.jpg\" alt=\"\" class=\"wp-image-24\" style=\"width:242px;height:auto\" srcset=\"https:\/\/popularize.com.br\/blog\/wp-content\/uploads\/2025\/11\/perfil-djarlete-683x1024.jpg 683w, https:\/\/popularize.com.br\/blog\/wp-content\/uploads\/2025\/11\/perfil-djarlete-200x300.jpg 200w, https:\/\/popularize.com.br\/blog\/wp-content\/uploads\/2025\/11\/perfil-djarlete-768x1152.jpg 768w, https:\/\/popularize.com.br\/blog\/wp-content\/uploads\/2025\/11\/perfil-djarlete.jpg 1024w\" sizes=\"auto, (max-width: 683px) 100vw, 683px\" \/><figcaption class=\"wp-element-caption\">Djarlete Caliman<\/figcaption><\/figure>\n<\/div><\/div>\n\n\n\n<div class=\"wp-block-column is-layout-flow wp-block-column-is-layout-flow\"><div class=\"wp-block-image\">\n<figure class=\"aligncenter size-large\"><img loading=\"lazy\" decoding=\"async\" width=\"775\" height=\"1024\" src=\"https:\/\/popularize.com.br\/blog\/wp-content\/uploads\/2025\/11\/tiago-775x1024.png\" alt=\"\" class=\"wp-image-25\" srcset=\"https:\/\/popularize.com.br\/blog\/wp-content\/uploads\/2025\/11\/tiago-775x1024.png 775w, https:\/\/popularize.com.br\/blog\/wp-content\/uploads\/2025\/11\/tiago-227x300.png 227w, https:\/\/popularize.com.br\/blog\/wp-content\/uploads\/2025\/11\/tiago-768x1015.png 768w, https:\/\/popularize.com.br\/blog\/wp-content\/uploads\/2025\/11\/tiago.png 1160w\" sizes=\"auto, (max-width: 775px) 100vw, 775px\" \/><figcaption class=\"wp-element-caption\">Tiago Sabadini<\/figcaption><\/figure>\n<\/div><\/div>\n\n\n\n<div class=\"wp-block-column is-layout-flow wp-block-column-is-layout-flow\"><div class=\"wp-block-image\">\n<figure class=\"aligncenter size-full is-resized\"><img loading=\"lazy\" decoding=\"async\" width=\"399\" height=\"577\" src=\"https:\/\/popularize.com.br\/blog\/wp-content\/uploads\/2025\/11\/lucas.png\" alt=\"\" class=\"wp-image-26\" style=\"width:250px;height:auto\" srcset=\"https:\/\/popularize.com.br\/blog\/wp-content\/uploads\/2025\/11\/lucas.png 399w, https:\/\/popularize.com.br\/blog\/wp-content\/uploads\/2025\/11\/lucas-207x300.png 207w\" sizes=\"auto, (max-width: 399px) 100vw, 399px\" \/><figcaption class=\"wp-element-caption\">Lucas Tavares<\/figcaption><\/figure>\n<\/div><\/div>\n<\/div>\n\n\n\n<p><\/p>\n","protected":false},"excerpt":{"rendered":"<p>A Popularize \u00e9 uma empresa criada para ajudar empreendedores brasileiros a tornarem seus neg\u00f3cios mais lucrativos e eficientes por meio&#8230;<\/p>\n","protected":false},"author":1,"featured_media":0,"parent":0,"menu_order":0,"comment_status":"closed","ping_status":"closed","template":"","meta":{"om_disable_all_campaigns":false,"_monsterinsights_skip_tracking":false,"_monsterinsights_sitenote_active":false,"_monsterinsights_sitenote_note":"","_monsterinsights_sitenote_category":0,"footnotes":""},"class_list":["post-23","page","type-page","status-publish","hentry"],"aioseo_notices":[],"_links":{"self":[{"href":"https:\/\/popularize.com.br\/blog\/wp-json\/wp\/v2\/pages\/23","targetHints":{"allow":["GET"]}}],"collection":[{"href":"https:\/\/popularize.com.br\/blog\/wp-json\/wp\/v2\/pages"}],"about":[{"href":"https:\/\/popularize.com.br\/blog\/wp-json\/wp\/v2\/types\/page"}],"author":[{"embeddable":true,"href":"https:\/\/popularize.com.br\/blog\/wp-json\/wp\/v2\/users\/1"}],"replies":[{"embeddable":true,"href":"https:\/\/popularize.com.br\/blog\/wp-json\/wp\/v2\/comments?post=23"}],"version-history":[{"count":1,"href":"https:\/\/popularize.com.br\/blog\/wp-json\/wp\/v2\/pages\/23\/revisions"}],"predecessor-version":[{"id":27,"href":"https:\/\/popularize.com.br\/blog\/wp-json\/wp\/v2\/pages\/23\/revisions\/27"}],"wp:attachment":[{"href":"https:\/\/popularize.com.br\/blog\/wp-json\/wp\/v2\/media?parent=23"}],"curies":[{"name":"wp","href":"https:\/\/api.w.org\/{rel}","templated":true}]}}